f 59751?
1
What is the tens digit of 5408463?
6
What is the tens digit of 4408448?
4
What is the ten thousands digit of 559188?
5
What is the hundreds digit of 1856232?
2
What is the units digit of 5437468?
8
What is the units digit of 3426883?
3
What is the tens digit of 3463616?
1
What is the thousands digit of 76066?
6
What is the ten millions digit of 21360581?
2
What is the ten thousands digit of 19411246?
1
What is the tens digit of 23367103?
0
What is the tens digit of 23313461?
6
What is the millions digit of 13648530?
3
What is the ten thousands digit of 7478973?
7
What is the hundreds digit of 171130?
1
What is the hundred thousands digit of 203134?
2
What is the tens digit of 185094?
9
What is the thousands digit of 9582330?
2
What is the units digit of 1291151?
1
What is the millions digit of 1440828?
1
What is the thousands digit of 114707?
4
What is the hundreds digit of 21192491?
4
What is the hundreds digit of 1141792?
7
What is the tens digit of 1505170?
7
What is the tens digit of 25772?
7
What is the units digit of 3558846?
6
What is the hundred thousands digit of 35845054?
8
What is the units digit of 3880695?
5
What is the tens digit of 1968804?
0
What is the units digit of 268447?
7
What is the thousands digit of 1201023?
1
What is the hundred thousands digit of 485516?
4
What is the ten thousands digit of 785524?
8
What is the thousands digit of 415483?
5
What is the ten thousands digit of 4480088?
8
What is the hundreds digit of 923363?
3
What is the ten millions digit of 10080574?
1
What is the tens digit of 163622?
2
What is the millions digit of 17023634?
7
What is the hundreds digit of 3925151?
1
What is the units digit of 275174?
4
What is the units digit of 16153655?
5
What is the thousands digit of 5613769?
3
What is the units digit of 5000080?
0
What is the ten thousands digit of 13968344?
6
What is the tens digit of 2174204?
0
What is the units digit of 1811658?
8
What is the hundred thousands digit of 926275?
9
What is the hundreds digit of 2602313?
3
What is the tens digit of 64116?
1
What is the units digit of 5694141?
1
What is the ten thousands digit of 1483036?
8
What is the hundreds digit of 37668952?
9
What is the millions digit of 2998149?
2
What is the hundred thousands digit of 357461?
3
What is the tens digit of 17005847?
4
What is the hundred thousands digit of 2821519?
8
What is the hundred thousands digit of 1402635?
4
What is the thousands digit of 672891?
2
What is the millions digit of 2556789?
2
What is the ten millions digit of 26300088?
2
What is the tens digit of 2302988?
8
What is the hundreds digit of 9442995?
9
What is the hundred thousands digit of 152527?
1
What is the hundred thousands digit of 798631?
7
What is the thousands digit of 472273?
2
What is the millions digit of 14560623?
4
What is the hundred thousands digit of 29428363?
4
What is the hundreds digit of 890825?
8
What is the units digit of 1004139?
9
What is the hundreds digit of 316822?
8
What is the hundred thousands digit of 3998555?
9
What is the hundreds digit of 9558722?
7
What is the thousands digit of 55465?
5
What is the tens digit of 435324?
2
What is the thousands digit of 2650409?
0
What is the hundred thousands digit of 15885260?
8
What is the units digit of 9771773?
3
What is the millions digit of 1754476?
1
What is the ten thousands digit of 484333?
8
What is the thousands digit of 577330?
7
What is the thousands digit of 5588652?
8
What is the ten thousands digit of 2981555?
8
What is the hundred thousands digit of 10280143?
2
What is the ten thousands digit of 158400?
5
What is the ten thousands digit of 5050924?
5
What is the thousands digit of 427697?
7
What is the thousands digit of 30581?
0
What is the hundred thousands digit of 1371422?
3
What is the thousands digit of 939111?
9
What is the units digit of 9277?
7
What is the units digit of 306657?
7
What is the ten thousands digit of 169028?
6
What is the hundreds digit of 333917?
9
What is the ten thousands digit of 152568?
5
What is the thousands digit of 309750?
9
What is the hundred thousands digit of 999697?
9
What is the units digit of 11961424?
4
What is the tens digit of 90399?
9
What is the tens digit of 116741?
4
What is the ten millions digit of 24400347?
2
What is the thousands digit of 456397?
6
What is the ten thousands digit of 490575?
9
What is the thousands digit of 1542935?
2
What is the thousands digit of 15467432?
7
What is the thousands digit of 223224?
3
What is the thousands digit of 5826251?
6
What is the units digit of 238762?
2
What is the hundreds digit of 2272953?
9
What is the tens digit of 3438857?
5
What is the units digit of 98062?
2
What is the units digit of 1481802?
2
What is the millions digit of 1377450?
1
What is the hundred thousands digit of 373470?
3
What is the hundreds digit of 439225?
2
What is the tens digit of 774742?
4
What is the tens digit of 909773?
7
What is the thousands digit of 946810?
6
What is the tens digit of 455455?
5
What is the units digit of 16722144?
4
What is the hundreds digit of 1305328?
3
What is the thousands digit of 8006578?
6
What is the units digit of 3083865?
5
What is the hundred thousands digit of 5691417?
6
What is the thousands digit of 179910?
9
What is the thousands digit of 2006910?
6
What is the millions digit of 16171648?
6
What is the millions digit of 6661111?
6
What is the units digit of 548978?
8
What is the hundreds digit of 493446?
4
What is the units digit of 16766407?
7
What is the hundred thousands digit of 317938?
3
What is the hundred thousands digit of 319227?
3
What is the hundred thousands digit of 101139?
1
What is the hundreds digit of 8988934?
9
What is the ten thousands digit of 939266?
3
What is the ten thousands digit of 6714659?
1
What is the tens digit of 252531?
3
What is the hundreds digit of 935407?
4
What is the units digit of 5812755?
5
What is the tens digit of 14747812?
1
What is the units digit of 291585?
5
What is the hundred thousands digit of 762749?
7
What is the thousands digit of 35762?
5
What is the tens digit of 2781967?
6
What is the hundred thousands digit of 714152?
7
What is the hundred thousands digit of 906898?
9
What is the tens digit of 3911003?
0
What is the ten thousands digit of 307907?
0
What is the ten thousands digit of 131598?
3
What is the millions digit of 1217086?
1
What is the thousands digit of 14761293?
1
What is the units digit of 191236?
6
What is the ten thousands digit of 583333?
8
What is the tens digit of 9900?
0
What is the thousands digit of 1012940?
2
What is the units digit of 1637608?
8
What is the ten thousands digit of 173737?
7
What is the millions digit of 1240621?
1
What is the hundred thousands digit of 5036030?
0
What is the hundred thousands digit of 8541018?
5
What is the thousands digit of 471036?
1
What is the units digit of 4670051?
1
What is the tens digit of 3048181?
8
What is the thousands digit of 489210?
9
What is the ten thousands digit of 2235843?
3
What is the units digit of 2566464?
4
What is the thousands digit of 2427366?
7
What is the hundreds digit of 1436888?
8
What is the ten thousands digit of 7790817?
9
What is the ten thousands digit of 2507479?
0
What is the units digit of 143646?
6
What is the hundred thousands digit of 438256?
4
What is the tens digit of 3683331?
3
What is the units digit of 58854?
4
What is the ten thousands digit of 2242559?
4
What is the hundred thousands digit of 5405025?
4
What is the ten thousands digit of 180162?
8
What is the thousands digit of 6569840?
9
What is the tens digit of 3098426?
2
What is the thousands digit of 293990?
3
What is the hundred thousands digit of 141270?
1
What is the millions digit of 20090079?
0
What is the units digit of 220865?
5
What is the thousands digit of 1307358?
7
What is the hundreds digit of 2030529?
5
What is the hundred thousands digit of 4483914?
4
What is the units digit of 1036666?
6
What is the tens digit of 265751?
5
What is the hundreds digit of 1926212?
2
What is the hundred thousands digit of 5868077?
8
What is the hundreds digit of 66137?
1
What is the millions digit of 7640449?
7
What is the thousands digit of 3926801?
6
What is the tens digit of 268492?
9
What is the hundreds digit of 24610